{"id":7,"date":"2016-08-09T22:22:01","date_gmt":"2016-08-09T22:22:01","guid":{"rendered":"https:\/\/2016.medellin.wordcamp.org\/schedule\/"},"modified":"2016-10-10T10:57:30","modified_gmt":"2016-10-10T15:57:30","slug":"programa","status":"publish","type":"page","link":"https:\/\/medellin.wordcamp.org\/2016\/programa\/","title":{"rendered":"Programa"},"content":{"rendered":"<p>S\u00e1bado 5 de noviembre<\/p>\n<table class=\"wcpt-schedule\" border=\"0\"><thead><tr><th class=\"wcpt-col-time\">Hora<\/th><th class=\"wcpt-col-track\"> <span class=\"wcpt-track-name\"><\/span> <span class=\"wcpt-track-description\"><\/span> <\/th><\/tr><\/thead><tbody><tr class=\"wcpt-time-900am global-session registro\"><td class=\"wcpt-time\">9:00&nbsp;am<\/td><td colspan=\"1\" class=\"wcpt-session-type-custom wcb-session-registro\" data-track-title=\"\" data-session-id=\"344\"><div class=\"wcb-session-cell-content\"><span class=\"wcpt-session-title\">Registro<\/span><\/div><\/td><\/tr><tr class=\"wcpt-time-945am global-session sesin-inaugural\"><td class=\"wcpt-time\">9:45&nbsp;am<\/td><td colspan=\"1\" class=\"wcpt-session-type-custom wcb-session-sesion-inaugural\" data-track-title=\"\" data-session-id=\"346\"><div class=\"wcb-session-cell-content\"><span class=\"wcpt-session-title\">Sesi\u00f3n inaugural<\/span><\/div><\/td><\/tr><tr class=\"wcpt-time-1000am global-session empezando-con-wordpress\"><td class=\"wcpt-time\">10:00&nbsp;am<\/td><td colspan=\"1\" class=\"wcb-speaker-santiago-andres-banquet-lazcano wcpt-session-type-session wcb-session-empezando-con-wordpress\" data-track-title=\"\" data-session-id=\"140\"><div class=\"wcb-session-cell-content\"><a class=\"wcpt-session-title\" href=\"https:\/\/medellin.wordcamp.org\/2016\/session\/empezando-con-wordpress\/\">Empezando con WordPress<\/a> <span class=\"wcpt-session-speakers\"><a href=\"https:\/\/medellin.wordcamp.org\/2016\/ponentes\/#wcorg-speaker-santiago-andres-banquet-lazcano\">Santiago Andres Banquet Lazcano<\/a><\/span><\/div><div class=\"wcb-session-favourite-icon\"><a href=\"#\" role=\"button\" class=\"fav-session-button\" aria-pressed=\"false\"><span class=\"screen-reader-text\">Sesi\u00f3n favorita: Empezando con WordPress<\/span><span class=\"dashicons dashicons-star-filled\"><\/span><\/a><\/div><\/td><\/tr><tr class=\"wcpt-time-1030am global-session involcrate-cmo-convertirte-en-el-prximo-colaborador-de-la-comunidad-de-wordpress\"><td class=\"wcpt-time\">10:30&nbsp;am<\/td><td colspan=\"1\" class=\"wcb-speaker-karen-arnold wcpt-session-type-session wcb-session-involucrate-como-convertirte-en-el-proximo-colaborador-de-la-comunidad-de-wordpress\" data-track-title=\"\" data-session-id=\"111\"><div class=\"wcb-session-cell-content\"><a class=\"wcpt-session-title\" href=\"https:\/\/medellin.wordcamp.org\/2016\/session\/involucrate-como-convertirte-en-el-proximo-colaborador-de-la-comunidad-de-wordpress\/\">Invol\u00facrate: C\u00f3mo convertirte en el pr\u00f3ximo colaborador de la comunidad de WordPress<\/a> <span class=\"wcpt-session-speakers\"><a href=\"https:\/\/medellin.wordcamp.org\/2016\/ponentes\/#wcorg-speaker-karen-arnold\">Karen Arnold<\/a><\/span><\/div><div class=\"wcb-session-favourite-icon\"><a href=\"#\" role=\"button\" class=\"fav-session-button\" aria-pressed=\"false\"><span class=\"screen-reader-text\">Sesi\u00f3n favorita: Invol\u00facrate: C\u00f3mo convertirte en el pr\u00f3ximo colaborador de la comunidad de WordPress<\/span><span class=\"dashicons dashicons-star-filled\"><\/span><\/a><\/div><\/td><\/tr><tr class=\"wcpt-time-1100am global-session caf\"><td class=\"wcpt-time\">11:00&nbsp;am<\/td><td colspan=\"1\" class=\"wcpt-session-type-custom wcb-session-cafe\" data-track-title=\"\" data-session-id=\"348\"><div class=\"wcb-session-cell-content\"><span class=\"wcpt-session-title\">Caf\u00e9<\/span><\/div><\/td><\/tr><tr class=\"wcpt-time-1130am global-session los-secretos-de-jetpack\"><td class=\"wcpt-time\">11:30&nbsp;am<\/td><td colspan=\"1\" class=\"wcb-speaker-miguel-lezama wcpt-session-type-session wcb-session-los-secretos-de-jetpack\" data-track-title=\"\" data-session-id=\"144\"><div class=\"wcb-session-cell-content\"><a class=\"wcpt-session-title\" href=\"https:\/\/medellin.wordcamp.org\/2016\/session\/los-secretos-de-jetpack\/\">Los secretos de Jetpack<\/a> <span class=\"wcpt-session-speakers\"><a href=\"https:\/\/medellin.wordcamp.org\/2016\/ponentes\/#wcorg-speaker-miguel-lezama\">Miguel Lezama<\/a><\/span><\/div><div class=\"wcb-session-favourite-icon\"><a href=\"#\" role=\"button\" class=\"fav-session-button\" aria-pressed=\"false\"><span class=\"screen-reader-text\">Sesi\u00f3n favorita: Los secretos de Jetpack<\/span><span class=\"dashicons dashicons-star-filled\"><\/span><\/a><\/div><\/td><\/tr><tr class=\"wcpt-time-1200pm global-session construyendo-con-wordpress-tres-casos-de-estudio\"><td class=\"wcpt-time\">12:00&nbsp;pm<\/td><td colspan=\"1\" class=\"wcb-speaker-santiago-vallejo-c wcpt-session-type-session wcb-session-construyendo-con-wordpress-tres-casos-de-estudio\" data-track-title=\"\" data-session-id=\"319\"><div class=\"wcb-session-cell-content\"><a class=\"wcpt-session-title\" href=\"https:\/\/medellin.wordcamp.org\/2016\/session\/construyendo-con-wordpress-tres-casos-de-estudio\/\">Construyendo con WordPress: Tres casos de estudio<\/a> <span class=\"wcpt-session-speakers\"><a href=\"https:\/\/medellin.wordcamp.org\/2016\/ponentes\/#wcorg-speaker-santiago-vallejo-c\">Santiago Vallejo C.<\/a><\/span><\/div><div class=\"wcb-session-favourite-icon\"><a href=\"#\" role=\"button\" class=\"fav-session-button\" aria-pressed=\"false\"><span class=\"screen-reader-text\">Sesi\u00f3n favorita: Construyendo con WordPress: Tres casos de estudio<\/span><span class=\"dashicons dashicons-star-filled\"><\/span><\/a><\/div><\/td><\/tr><tr class=\"wcpt-time-1230pm global-session almuerzo\"><td class=\"wcpt-time\">12:30&nbsp;pm<\/td><td colspan=\"1\" class=\"wcpt-session-type-custom wcb-session-almuerzo\" data-track-title=\"\" data-session-id=\"352\"><div class=\"wcb-session-cell-content\"><span class=\"wcpt-session-title\">Almuerzo<\/span><\/div><\/td><\/tr><tr class=\"wcpt-time-230pm global-session wordpress-multilinge\"><td class=\"wcpt-time\">2:30&nbsp;pm<\/td><td colspan=\"1\" class=\"wcb-speaker-andres-cifuentes wcpt-session-type-session wcb-session-wordpress-multilingue\" data-track-title=\"\" data-session-id=\"161\"><div class=\"wcb-session-cell-content\"><a class=\"wcpt-session-title\" href=\"https:\/\/medellin.wordcamp.org\/2016\/session\/wordpress-multilingue\/\">WordPress multiling\u00fce<\/a> <span class=\"wcpt-session-speakers\"><a href=\"https:\/\/medellin.wordcamp.org\/2016\/ponentes\/#wcorg-speaker-andres-cifuentes\">Andr\u00e9s Cifuentes<\/a><\/span><\/div><div class=\"wcb-session-favourite-icon\"><a href=\"#\" role=\"button\" class=\"fav-session-button\" aria-pressed=\"false\"><span class=\"screen-reader-text\">Sesi\u00f3n favorita: WordPress multiling\u00fce<\/span><span class=\"dashicons dashicons-star-filled\"><\/span><\/a><\/div><\/td><\/tr><tr class=\"wcpt-time-300pm global-session colabora-con-wordpress-core\"><td class=\"wcpt-time\">3:00&nbsp;pm<\/td><td colspan=\"1\" class=\"wcb-speaker-mike-schroder wcpt-session-type-session wcb-session-colabora-con-wordpress-core\" data-track-title=\"\" data-session-id=\"147\"><div class=\"wcb-session-cell-content\"><a class=\"wcpt-session-title\" href=\"https:\/\/medellin.wordcamp.org\/2016\/session\/colabora-con-wordpress-core\/\">Colabora con WordPress Core<\/a> <span class=\"wcpt-session-speakers\"><a href=\"https:\/\/medellin.wordcamp.org\/2016\/ponentes\/#wcorg-speaker-mike-schroder\">Mike Schroder<\/a><\/span><\/div><div class=\"wcb-session-favourite-icon\"><a href=\"#\" role=\"button\" class=\"fav-session-button\" aria-pressed=\"false\"><span class=\"screen-reader-text\">Sesi\u00f3n favorita: Colabora con WordPress Core<\/span><span class=\"dashicons dashicons-star-filled\"><\/span><\/a><\/div><\/td><\/tr><tr class=\"wcpt-time-330pm global-session caf\"><td class=\"wcpt-time\">3:30&nbsp;pm<\/td><td colspan=\"1\" class=\"wcpt-session-type-custom wcb-session-cafe-2\" data-track-title=\"\" data-session-id=\"350\"><div class=\"wcb-session-cell-content\"><span class=\"wcpt-session-title\">Caf\u00e9<\/span><\/div><\/td><\/tr><tr class=\"wcpt-time-400pm global-session entrevista-a-una-emprendedora-de-wordpress\"><td class=\"wcpt-time\">4:00&nbsp;pm<\/td><td colspan=\"1\" class=\"wcb-speaker-__trashed-3 wcpt-session-type-session wcb-session-entrevista-a-una-emprendedora-de-wordpress\" data-track-title=\"\" data-session-id=\"305\"><div class=\"wcb-session-cell-content\"><a class=\"wcpt-session-title\" href=\"https:\/\/medellin.wordcamp.org\/2016\/session\/entrevista-a-una-emprendedora-de-wordpress\/\">Entrevista a una emprendedora de WordPress<\/a> <span class=\"wcpt-session-speakers\"><a href=\"https:\/\/medellin.wordcamp.org\/2016\/ponentes\/#wcorg-speaker-__trashed-3\">Catalina Zapata<\/a><\/span><\/div><div class=\"wcb-session-favourite-icon\"><a href=\"#\" role=\"button\" class=\"fav-session-button\" aria-pressed=\"false\"><span class=\"screen-reader-text\">Sesi\u00f3n favorita: Entrevista a una emprendedora de WordPress<\/span><span class=\"dashicons dashicons-star-filled\"><\/span><\/a><\/div><\/td><\/tr><tr class=\"wcpt-time-430pm global-session wordpress-y-seo\"><td class=\"wcpt-time\">4:30&nbsp;pm<\/td><td colspan=\"1\" class=\"wcb-speaker-andrew-macia wcpt-session-type-session wcb-session-wordpress-y-seo\" data-track-title=\"\" data-session-id=\"186\"><div class=\"wcb-session-cell-content\"><a class=\"wcpt-session-title\" href=\"https:\/\/medellin.wordcamp.org\/2016\/session\/wordpress-y-seo\/\">WordPress y SEO<\/a> <span class=\"wcpt-session-speakers\"><a href=\"https:\/\/medellin.wordcamp.org\/2016\/ponentes\/#wcorg-speaker-andrew-macia\">Andrew Macia<\/a><\/span><\/div><div class=\"wcb-session-favourite-icon\"><a href=\"#\" role=\"button\" class=\"fav-session-button\" aria-pressed=\"false\"><span class=\"screen-reader-text\">Sesi\u00f3n favorita: WordPress y SEO<\/span><span class=\"dashicons dashicons-star-filled\"><\/span><\/a><\/div><\/td><\/tr><tr class=\"wcpt-time-500pm global-session sesin-de-clausura\"><td class=\"wcpt-time\">5:00&nbsp;pm<\/td><td colspan=\"1\" class=\"wcpt-session-type-custom wcb-session-sesion-de-clausura\" data-track-title=\"\" data-session-id=\"357\"><div class=\"wcb-session-cell-content\"><span class=\"wcpt-session-title\">Sesi\u00f3n de clausura<\/span><\/div><\/td><\/tr><\/tbody><\/table>\n\t<div class=\"email-form fav-session-email-form-hide\">\n\t\t<!-- Tab links -->\n\t\t<div class=\"fav-session-share-tab\">\n\t\t\t\t\t\t\t<div class=\"fav-session-tablinks\" id=\"fav-session-btn-email\">\n\t\t\t\t\tCorreo electr\u00f3nico\t\t\t\t<\/div>\n\t\t\t\n\t\t\t<div class=\"fav-session-tablinks\" id=\"fav-session-btn-link\">\n\t\t\t\tEnlace\t\t\t<\/div>\n\n\t\t\t<div class=\"fav-session-tablinks\" id=\"fav-session-btn-print\">\n\t\t\t\tImprimir\t\t\t<\/div>\n\t\t<\/div>\n\n\t\t<!-- Tab content -->\n\t\t\t\t\t<div id=\"fav-session-tab-email\" class=\"fav-session-share-tabcontent\">\n\t\t\t\t<div id=\"fav-session-email-form\">\n\t\t\t\t\tEnv\u00edame mis sesiones favoritas:\n\t\t\t\t\t<form id=\"fav-sessions-form\">\n\t\t\t\t\t\t<input\n\t\t\t\t\t\t\ttype=\"text\"\n\t\t\t\t\t\t\tname=\"email_address\"\n\t\t\t\t\t\t\tid=\"fav-sessions-email-address\"\n\t\t\t\t\t\t\tplaceholder=\"me@protonmail.com\"\n\t\t\t\t\t\t\/>\n\t\t\t\t\t\t<input type=\"submit\" value=\"Enviar\" \/>\n\t\t\t\t\t<\/form>\n\t\t\t\t<\/div>\n\n\t\t\t\t<div class=\"fav-session-email-wait-spinner\"><\/div>\n\t\t\t\t<div class=\"fav-session-email-result\"><\/div>\n\t\t\t<\/div>\n\t\t\n\t\t<div id=\"fav-session-tab-link\" class=\"fav-session-share-tabcontent\">\n\t\t\tEnlace compartible:\t\t\t<br \/>\n\t\t\t<a id=\"fav-sessions-link\" href=\"\"><\/a>\n\t\t<\/div>\n\n\t\t<div id=\"fav-session-tab-print\" class=\"fav-session-share-tabcontent\">\n\t\t\t<button id=\"fav-session-print\">\n\t\t\t\tImprimir sesiones favoritas\t\t\t<\/button>\n\t\t<\/div>\n\t<\/div>\n\n\t<a class=\"show-email-form\" href=\"javascript:\">\n\t\t<span class=\"dashicons dashicons-star-filled\"><\/span>\n\t\t<span class=\"dashicons dashicons-email-alt\"><\/span>\n\t<\/a>\n\n\t\n","protected":false},"excerpt":{"rendered":"<p>S\u00e1bado 5 de noviembre<\/p>\n","protected":false},"author":9811149,"featured_media":0,"parent":0,"menu_order":0,"comment_status":"closed","ping_status":"closed","template":"","meta":{"jetpack_post_was_ever_published":false,"footnotes":""},"class_list":["post-7","page","type-page","status-publish","hentry"],"jetpack_sharing_enabled":true,"jetpack_shortlink":"https:\/\/wp.me\/P7KaHX-7","_links":{"self":[{"href":"https:\/\/medellin.wordcamp.org\/2016\/wp-json\/wp\/v2\/pages\/7","targetHints":{"allow":["GET"]}}],"collection":[{"href":"https:\/\/medellin.wordcamp.org\/2016\/wp-json\/wp\/v2\/pages"}],"about":[{"href":"https:\/\/medellin.wordcamp.org\/2016\/wp-json\/wp\/v2\/types\/page"}],"author":[{"embeddable":true,"href":"https:\/\/medellin.wordcamp.org\/2016\/wp-json\/wp\/v2\/users\/9811149"}],"replies":[{"embeddable":true,"href":"https:\/\/medellin.wordcamp.org\/2016\/wp-json\/wp\/v2\/comments?post=7"}],"version-history":[{"count":8,"href":"https:\/\/medellin.wordcamp.org\/2016\/wp-json\/wp\/v2\/pages\/7\/revisions"}],"predecessor-version":[{"id":391,"href":"https:\/\/medellin.wordcamp.org\/2016\/wp-json\/wp\/v2\/pages\/7\/revisions\/391"}],"wp:attachment":[{"href":"https:\/\/medellin.wordcamp.org\/2016\/wp-json\/wp\/v2\/media?parent=7"}],"curies":[{"name":"wp","href":"https:\/\/api.w.org\/{rel}","templated":true}]}}