{"id":8,"date":"2016-08-09T22:22:01","date_gmt":"2016-08-09T22:22:01","guid":{"rendered":"https:\/\/2016.medellin.wordcamp.org\/speakers\/"},"modified":"2016-09-23T18:29:08","modified_gmt":"2016-09-23T23:29:08","slug":"ponentes","status":"publish","type":"page","link":"https:\/\/medellin.wordcamp.org\/2016\/ponentes\/","title":{"rendered":"Ponentes"},"content":{"rendered":"\n\t<div class=\"wcorg-speakers\">\n\n\t\t\n\t\t\t<!-- Organizers note: The id attribute is deprecated and only remains for backwards compatibility, please use the corresponding class to target individual speakers -->\n\t\t\t<div id=\"wcorg-speaker-santiago-vallejo-c\" class=\"wcorg-speaker wcorg-speaker-santiago-vallejo-c\">\n\t\t\t\t<h2>\n\t\t\t\t\t\n\t\t\t\t\t\tSantiago Vallejo C.\n\t\t\t\t\t\t\t\t\t<\/h2>\n\n\t\t\t\t<div class=\"wcorg-speaker-description\">\n\t\t\t\t\t<img alt='' src='https:\/\/secure.gravatar.com\/avatar\/51f5d35a7284e376ac5e82cfff3e1d3c6497ebfacfa2c4c4408f48ef865c5cbe?s=100&#038;d=mm&#038;r=g' srcset='https:\/\/secure.gravatar.com\/avatar\/51f5d35a7284e376ac5e82cfff3e1d3c6497ebfacfa2c4c4408f48ef865c5cbe?s=200&#038;d=mm&#038;r=g 2x' class='avatar avatar-100 photo' height='100' width='100' \/>\t\t\t\t\t<p>Desarrollador web, publicista y geek 100%. Tengo 5 a\u00f1os de experiencia con clientes, mercadeo y desarrollo, adem\u00e1s de conocimientos en SEO y Social Media. Siempre investigando y desarrollando nuevas ideas.\u00a0Amante de la data.<\/p>\n\t\t\t\t<\/div>\n\t\t\t<\/div>\n\n\t\t\n\t\t\t<!-- Organizers note: The id attribute is deprecated and only remains for backwards compatibility, please use the corresponding class to target individual speakers -->\n\t\t\t<div id=\"wcorg-speaker-santiago-andres-banquet-lazcano\" class=\"wcorg-speaker wcorg-speaker-santiago-andres-banquet-lazcano\">\n\t\t\t\t<h2>\n\t\t\t\t\t\n\t\t\t\t\t\tSantiago Andres Banquet Lazcano\n\t\t\t\t\t\t\t\t\t<\/h2>\n\n\t\t\t\t<div class=\"wcorg-speaker-description\">\n\t\t\t\t\t<img alt='' src='https:\/\/secure.gravatar.com\/avatar\/be8f04596730abef464f335d5160a30f8ea95d973b0213ca947c2a113dd20556?s=100&#038;d=mm&#038;r=g' srcset='https:\/\/secure.gravatar.com\/avatar\/be8f04596730abef464f335d5160a30f8ea95d973b0213ca947c2a113dd20556?s=200&#038;d=mm&#038;r=g 2x' class='avatar avatar-100 photo' height='100' width='100' \/>\t\t\t\t\t<p>Un joven de 15 a\u00f1os, apasionado de la programaci\u00f3n y los videojuegos. Santiago es un nuevo usuario de WordPress. Su blog es\u00a0<a href=\"http:\/\/hypergeek.net16.net\/\">http:\/\/hypergeek.net16.net\/<\/a>.<\/p>\n\t\t\t\t<\/div>\n\t\t\t<\/div>\n\n\t\t\n\t\t\t<!-- Organizers note: The id attribute is deprecated and only remains for backwards compatibility, please use the corresponding class to target individual speakers -->\n\t\t\t<div id=\"wcorg-speaker-__trashed-3\" class=\"wcorg-speaker wcorg-speaker-__trashed-3\">\n\t\t\t\t<h2>\n\t\t\t\t\t\n\t\t\t\t\t\tCatalina Zapata\n\t\t\t\t\t\t\t\t\t<\/h2>\n\n\t\t\t\t<div class=\"wcorg-speaker-description\">\n\t\t\t\t\t<img alt='' src='https:\/\/secure.gravatar.com\/avatar\/e56578f37360133e534c7935e7bf4bfd00cffd46cb7e0d56be6b41a26ed55faf?s=100&#038;d=mm&#038;r=g' srcset='https:\/\/secure.gravatar.com\/avatar\/e56578f37360133e534c7935e7bf4bfd00cffd46cb7e0d56be6b41a26ed55faf?s=200&#038;d=mm&#038;r=g 2x' class='avatar avatar-100 photo' height='100' width='100' \/>\t\t\t\t\t<p>Soy Catalina Zapata, conocida como <a href=\"http:\/\/twitter.com\/ktadelinaCO\">@ktadelinaCO<\/a>. N\u00f3mada Digital, freelance, friki, comedora de spaghettis de alto rendimiento, mel\u00f3mana, amante de los viajes, los gatos, los libros, las computadoras y otros demonios.<\/p>\n<p>Fundadora de\u00a0un taller creativo remoto llamado <a href=\"http:\/\/www.dementecriolla.com\">DeMenteCriolla<\/a>.\u00a0Co-Fundadora de <a href=\"http:\/\/www.acoger.com.co\">ACOGER<\/a>, la primera comunidad gerontol\u00f3gica en Colombia y el m\u00e1s completo Directorio Especializado en productos y servicios para el Adulto Mayor.<\/p>\n<p>Conozcan mis nuevos proyectos, aqu\u00ed: <a href=\"http:\/\/catalinazapata.com\">http:\/\/catalinazapata.com<\/a><\/p>\n\t\t\t\t<\/div>\n\t\t\t<\/div>\n\n\t\t\n\t\t\t<!-- Organizers note: The id attribute is deprecated and only remains for backwards compatibility, please use the corresponding class to target individual speakers -->\n\t\t\t<div id=\"wcorg-speaker-andrew-macia\" class=\"wcorg-speaker wcorg-speaker-andrew-macia\">\n\t\t\t\t<h2>\n\t\t\t\t\t\n\t\t\t\t\t\tAndrew Macia\n\t\t\t\t\t\t\t\t\t<\/h2>\n\n\t\t\t\t<div class=\"wcorg-speaker-description\">\n\t\t\t\t\t<img alt='' src='https:\/\/secure.gravatar.com\/avatar\/3db7406d7cd1ab47d4de8d34d57f6bf277e9fb6e944e4802d2212a9edcb2faf5?s=100&#038;d=mm&#038;r=g' srcset='https:\/\/secure.gravatar.com\/avatar\/3db7406d7cd1ab47d4de8d34d57f6bf277e9fb6e944e4802d2212a9edcb2faf5?s=200&#038;d=mm&#038;r=g 2x' class='avatar avatar-100 photo' height='100' width='100' \/>\t\t\t\t\t<p>Andrew ha trabajado en SEO por m\u00e1s de 8 a\u00f1os. Es due\u00f1o de la empresa Red Door Studios S.A.S en Medell\u00edn, la cual le brinda servicio de SEO a empresas en los Estados Unidos, el Reino Unido, Australia y Tel Aviv. Tambi\u00e9n\u00a0escribe un blog sobre eventos que ocurren en Medell\u00edn para ayudar a sus estudiantes de ingl\u00e9s. El blog se llama <a href=\"http:\/\/medellinbuzz.com\/\">Medellin Buzz<\/a>.<\/p>\n\t\t\t\t<\/div>\n\t\t\t<\/div>\n\n\t\t\n\t\t\t<!-- Organizers note: The id attribute is deprecated and only remains for backwards compatibility, please use the corresponding class to target individual speakers -->\n\t\t\t<div id=\"wcorg-speaker-mike-schroder\" class=\"wcorg-speaker wcorg-speaker-mike-schroder\">\n\t\t\t\t<h2>\n\t\t\t\t\t\n\t\t\t\t\t\tMike Schroder\n\t\t\t\t\t\t\t\t\t<\/h2>\n\n\t\t\t\t<div class=\"wcorg-speaker-description\">\n\t\t\t\t\t<img alt='' src='https:\/\/secure.gravatar.com\/avatar\/8dcd67487651b5b29a1ea03ce11f8515bc2f1dc798c569a4ba2ebcfc942e57f2?s=100&#038;d=mm&#038;r=g' srcset='https:\/\/secure.gravatar.com\/avatar\/8dcd67487651b5b29a1ea03ce11f8515bc2f1dc798c569a4ba2ebcfc942e57f2?s=200&#038;d=mm&#038;r=g 2x' class='avatar avatar-100 photo' height='100' width='100' \/>\t\t\t\t\t<p>Conocido como Shredder (tibur\u00f3n) en la comunidad WordPress, contribuye desde DreamHost al core de WordPress. Fue l\u00edder de WordPress 4.5, y sigue como committer, especializando en el componente de media. Ya viviendo en Los Angeles, creci\u00f3 entre Espa\u00f1a y Estados Unidos. Disfruta de navegar a vela y es un aficionado al buen caf\u00e9.<\/p>\n\t\t\t\t<\/div>\n\t\t\t<\/div>\n\n\t\t\n\t\t\t<!-- Organizers note: The id attribute is deprecated and only remains for backwards compatibility, please use the corresponding class to target individual speakers -->\n\t\t\t<div id=\"wcorg-speaker-karen-arnold\" class=\"wcorg-speaker wcorg-speaker-karen-arnold\">\n\t\t\t\t<h2>\n\t\t\t\t\t\n\t\t\t\t\t\tKaren Arnold\n\t\t\t\t\t\t\t\t\t<\/h2>\n\n\t\t\t\t<div class=\"wcorg-speaker-description\">\n\t\t\t\t\t<img alt='' src='https:\/\/secure.gravatar.com\/avatar\/4d4f0dc7c5e1535d83f5a9ffa09cbe8063d96ec9fb98303de40b9e58976aa5a3?s=100&#038;d=mm&#038;r=g' srcset='https:\/\/secure.gravatar.com\/avatar\/4d4f0dc7c5e1535d83f5a9ffa09cbe8063d96ec9fb98303de40b9e58976aa5a3?s=200&#038;d=mm&#038;r=g 2x' class='avatar avatar-100 photo' height='100' width='100' \/>\t\t\t\t\t<p>Karen trabaja diariamente asistiendo a usuarios de WordPress.com. Ella tambien trabaja con el equipo de contrataci\u00f3n del los miembros del equipo de soporte. Antes de unir a Automattic, trabajaba como dise\u00f1adora web en su propia empresa. Organiza el WordPress meetup de Albuquerque y ha participado en organizar el WordCamp en 2011, 2012, 2013 y 2016. Naci\u00f3 en Nicaragua, creci\u00f3 en Panam\u00e1, y vive actualmente en Albuquerque en los Estados Unidos con su esposo, cuatro hijos y tres gatos. Twitter: <a href=\"https:\/\/twitter.com\/karenalma\">@karenalma<\/a><\/p>\n\t\t\t\t<\/div>\n\t\t\t<\/div>\n\n\t\t\n\t\t\t<!-- Organizers note: The id attribute is deprecated and only remains for backwards compatibility, please use the corresponding class to target individual speakers -->\n\t\t\t<div id=\"wcorg-speaker-andres-cifuentes\" class=\"wcorg-speaker wcorg-speaker-andres-cifuentes\">\n\t\t\t\t<h2>\n\t\t\t\t\t\n\t\t\t\t\t\tAndr\u00e9s Cifuentes\n\t\t\t\t\t\t\t\t\t<\/h2>\n\n\t\t\t\t<div class=\"wcorg-speaker-description\">\n\t\t\t\t\t<img alt='' src='https:\/\/secure.gravatar.com\/avatar\/f1afbdd2482acadf9abeb069d68bb464523a791068e34269c1330ca1671460c4?s=100&#038;d=mm&#038;r=g' srcset='https:\/\/secure.gravatar.com\/avatar\/f1afbdd2482acadf9abeb069d68bb464523a791068e34269c1330ca1671460c4?s=200&#038;d=mm&#038;r=g 2x' class='avatar avatar-100 photo' height='100' width='100' \/>\t\t\t\t\t<p>Soy un desarrollador front-end Colombiano que vive actualmente en Sevilla despu\u00e9s de haber trabajado durante 5 a\u00f1os en Francia. Soy un entusiasta del WordPress y actualmente trabajo en OnTheGoSystems en soporte, formaci\u00f3n y l\u00edder para los WordCamps. Soy un adicto al caf\u00e9 colombiano, me encanta viajar y aprender nuevos idiomas.<\/p>\n\t\t\t\t<\/div>\n\t\t\t<\/div>\n\n\t\t\n\t\t\t<!-- Organizers note: The id attribute is deprecated and only remains for backwards compatibility, please use the corresponding class to target individual speakers -->\n\t\t\t<div id=\"wcorg-speaker-miguel-lezama\" class=\"wcorg-speaker wcorg-speaker-miguel-lezama\">\n\t\t\t\t<h2>\n\t\t\t\t\t\n\t\t\t\t\t\tMiguel Lezama\n\t\t\t\t\t\t\t\t\t<\/h2>\n\n\t\t\t\t<div class=\"wcorg-speaker-description\">\n\t\t\t\t\t<img alt='' src='https:\/\/secure.gravatar.com\/avatar\/608917900636f63ff3c1980b9e1af25caff6dfa78196ea81e0c6f06d0798f181?s=100&#038;d=mm&#038;r=g' srcset='https:\/\/secure.gravatar.com\/avatar\/608917900636f63ff3c1980b9e1af25caff6dfa78196ea81e0c6f06d0798f181?s=200&#038;d=mm&#038;r=g 2x' class='avatar avatar-100 photo' height='100' width='100' \/>\t\t\t\t\t<p>Miguel se cr\u00edo entre Valizas y Montevideo, donde actualmente vive. A estado vinculado a la web y al movimiento del Software Libre desde que los primeros modems llegaron a Uruguay. Disfruta de viajar, los oc\u00e9anos, un poco de deportes y la buena comida. Desde hace m\u00e1s de tres a\u00f1os trabaja para Automattic donde colabora con el desarrollo de Jetpack.<\/p>\n\t\t\t\t<\/div>\n\t\t\t<\/div>\n\n\t\t\n\t<\/div>\n\n\t\n","protected":false},"excerpt":{"rendered":"","protected":false},"author":9811149,"featured_media":0,"parent":0,"menu_order":0,"comment_status":"closed","ping_status":"closed","template":"","meta":{"jetpack_post_was_ever_published":false,"footnotes":""},"class_list":["post-8","page","type-page","status-publish","hentry"],"jetpack_sharing_enabled":true,"jetpack_shortlink":"https:\/\/wp.me\/P7KaHX-8","_links":{"self":[{"href":"https:\/\/medellin.wordcamp.org\/2016\/wp-json\/wp\/v2\/pages\/8","targetHints":{"allow":["GET"]}}],"collection":[{"href":"https:\/\/medellin.wordcamp.org\/2016\/wp-json\/wp\/v2\/pages"}],"about":[{"href":"https:\/\/medellin.wordcamp.org\/2016\/wp-json\/wp\/v2\/types\/page"}],"author":[{"embeddable":true,"href":"https:\/\/medellin.wordcamp.org\/2016\/wp-json\/wp\/v2\/users\/9811149"}],"replies":[{"embeddable":true,"href":"https:\/\/medellin.wordcamp.org\/2016\/wp-json\/wp\/v2\/comments?post=8"}],"version-history":[{"count":1,"href":"https:\/\/medellin.wordcamp.org\/2016\/wp-json\/wp\/v2\/pages\/8\/revisions"}],"predecessor-version":[{"id":218,"href":"https:\/\/medellin.wordcamp.org\/2016\/wp-json\/wp\/v2\/pages\/8\/revisions\/218"}],"wp:attachment":[{"href":"https:\/\/medellin.wordcamp.org\/2016\/wp-json\/wp\/v2\/media?parent=8"}],"curies":[{"name":"wp","href":"https:\/\/api.w.org\/{rel}","templated":true}]}}